{"id":2219,"date":"2022-05-04T08:08:38","date_gmt":"2022-05-04T06:08:38","guid":{"rendered":"https:\/\/bastirent.com\/?page_id=2219"},"modified":"2022-06-06T14:11:35","modified_gmt":"2022-06-06T12:11:35","slug":"politica-de-proteccion-de-datos","status":"publish","type":"page","link":"https:\/\/bastirent.com\/es\/politica-de-proteccion-de-datos\/","title":{"rendered":"Pol\u00edtica de protecci\u00f3n de datos"},"content":{"rendered":"<p>EL TITULAR se compromete a proteger la privacidad de los usuarios que accedan en este web y\/o cualquiera de sus servicios. La utilizaci\u00f3n del web y\/o de cualquier de los servicios ofrecidos por EL TITULAR, implica la aceptaci\u00f3n por parte del &#8216;usuario de las disposiciones contenidas en la presente Pol\u00edtica de Privacidad y que sus datos personales sean tratadas seg\u00fan se estipula. Por favor, tenga en cuenta que a pesar de que pueda haber enlaces de nuestro web a otros webs, esta Pol\u00edtica de Privacidad no se aplica en los webs otras compa\u00f1\u00edas u organizaciones a las cuales el web est\u00e9 redirigido. EL TITULAR no controla el contenido de los webs de terceros ni acepta ning\u00fan tipo de responsabilidad por el contenido o las pol\u00edticas de privacidad de estos webs.<\/p>\n<p>Informaci\u00f3n sobre el tratamiento de datos (Reglamento (UE) 2016\/679 y *LO 3\/2018)<\/p>\n<table>\n<tbody>\n<tr>\n<td>Responsable del tractament<\/td>\n<td>EL TITULAR.<br \/>\nLes nostres dades figuren a l&#8217;<a href=\"https:\/\/bastirent.com\/aviso-legal\/\" rel=\"noopener\">av\u00eds legal<\/a> d&#8217;aquest web.<\/td>\n<\/tr>\n<tr>\n<td>Finalitat del tractament<\/td>\n<td>Oferir i gestionar els nostres productes i\/o serveis.<\/td>\n<\/tr>\n<tr>\n<td>Legitimaci\u00f3<\/td>\n<td>Consentiment obtingut de l&#8217;interessat. Execuci\u00f3 del contracte de serveis.<\/td>\n<\/tr>\n<tr>\n<td>Destinataris<\/td>\n<td>Les dades no seran comunicades a tercers, llevat que ho exigeixi una llei o sigui necessari per complir amb la finalitat del tractament.<\/td>\n<\/tr>\n<tr>\n<td>Drets de les persones<\/td>\n<td>Els interessats tenen dret a exercir els drets d&#8217;acc\u00e9s, rectificaci\u00f3, limitaci\u00f3 de tractament, supressi\u00f3, portabilitat i oposici\u00f3, enviant la seva sol\u00b7licitud a la nostra l&#8217;adre\u00e7a.<\/td>\n<\/tr>\n<tr>\n<td>Termini de conservaci\u00f3 de les dades<\/td>\n<td>Mentre es mantingui la relaci\u00f3 comercial o durant els anys necessaris per complir amb les obligacions legals.<\/td>\n<\/tr>\n<tr>\n<td>Reclamaci\u00f3<\/td>\n<td>Els interessats es poden dirigir a l&#8217;AEPD per presentar la reclamaci\u00f3 que consideri oportuna.<\/td>\n<\/tr>\n<tr>\n<td>Informaci\u00f3 addicional<\/td>\n<td>Pot consultar la informaci\u00f3 addicional i detallada a continuaci\u00f3 a les \u201cQ\u00fcestions sobre privacitat\u201d.<\/td>\n<\/tr>\n<\/tbody>\n<\/table>\n<p>&nbsp;<\/p>\n<p><strong>CUESTIONES SOBRE PRIVACIDAD<\/strong><\/p>\n<p>En cumplimiento del Reglamento (UE) 2016\/679 del Parlamento Europeo y del Consejo, de 27 de abril de 2016, (*RGPD) y la Ley Org\u00e1nica 3\/2018, de 5 de diciembre, de Protecci\u00f3n de Datos Personales y garant\u00eda de los derechos digitales (*LOPDGDD), le ofrecemos la siguiente informaci\u00f3n sobre el tratamiento de sus datos personales:<\/p>\n<p>Qui\u00e9n es el responsable del tratamiento de sus datos?<\/p>\n<p><strong>EL TITULAR.<\/strong><br \/>\nNuestros datos figuran al aviso legal de este web.<\/p>\n<p><strong>Con qu\u00e9 finalidad tratamos sus datos personales?<\/strong><\/p>\n<p>Tratamos la informaci\u00f3n que se nos facilita para prestar y facturar nuestros servicios y productos.<br \/>\nSi nos da su consentimiento tambi\u00e9n podremos tratar sus datos para enviarle informaci\u00f3n sobre nuestras actividades, servicios y productos.<br \/>\nSi participa en alguno de nuestros sorteos y\/o concursos publicaremos su nombre y apellidos, y su imagen, en los diferentes espacios y medios de comunicaci\u00f3n y difusi\u00f3n que utilizamos, incluidas las redes sociales, con el fin de promocionar nuestras actividades, servicios y productos.<br \/>\nDurante cu\u00e1nto de tiempo conservaremos sus datos?<\/p>\n<p>Los datos personales proporcionados se conservar\u00e1n mientras sea usuario de nuestros servicios o en quiera recibir informaci\u00f3n, y si participa en una promoci\u00f3n mientras esta est\u00e9 activa, y despu\u00e9s, durante el plazos establecidos para cumplir con nuestras obligaciones legales.<\/p>\n<p><strong>Cu\u00e1l es la legitimaci\u00f3n para el tratamiento de sus datos?<\/strong><\/p>\n<p>La base legal para los tratamientos de sus datos son los consentimientos que nos da.<\/p>\n<p>Respecto a la informaci\u00f3n que nos sea enviada por menores de 16 a\u00f1os, se entender\u00e1 que lo ha estado con el consentimiento de sus representantes legales. Si no es as\u00ed, el representante legal del menor nos lo tiene que comunicar tan pronto como tenga conocimiento.<\/p>\n<p><strong>\u00bfA qu\u00e9 destinatarios se comunicar\u00e1n sus datos?<\/strong><\/p>\n<p>Los datos no ser\u00e1n comunicadas a terceros, salvo que lo exija una ley o sea necesario para cumplir con el fin del tratamiento.<\/p>\n<p><strong>Cu\u00e1les son sus derechos cuando nos facilita sus datos?<\/strong><\/p>\n<p>Cualquier persona tiene derecho a obtener confirmaci\u00f3n sobre si estamos tratando o no sus datos personales.<br \/>\nLas personas interesadas tienen derecho a acceder a sus datos personales, as\u00ed como a solicitar la rectificaci\u00f3n de los datos inexactos o, si procede, solicitar su supresi\u00f3n cuando, entre otros motivos, los datos ya no sean necesarias para las finalidades para las que se recogieron.<br \/>\nEn determinadas circunstancias los interesados podr\u00e1n solicitar la limitaci\u00f3n del tratamiento de sus datos, en este caso \u00fanicamente las conservaremos para el ejercicio o la defensa de reclamaciones.<br \/>\nTambi\u00e9n, en determinadas circunstancias y por motivos relacionados con su situaci\u00f3n particular, los interesados se pueden oponer al tratamiento de sus datos. En este caso dejaremos de tratarlas, excepto por motivos leg\u00edtimos imperiosos o para el ejercicio o la defensa de posibles reclamaciones.<br \/>\nLos interesados tambi\u00e9n tienen derecho a la portabilidad de sus datos.<br \/>\nFinalmente, los interesados tienen derecho a presentar una reclamaci\u00f3n ante la Autoridad de Control competente.<br \/>\nC\u00f3mo puede ejercer sus derechos?<\/p>\n<p>Envi\u00e1ndonos un escrito adjuntando una copia de un documento que lo identifique, a nuestra direcci\u00f3n f\u00edsica o a la electr\u00f3nica.<\/p>\n<p><strong>C\u00f3mo hemos obtenido sus datos?<\/strong><\/p>\n<p>Los datos personales que tratamos proceden del propio interesado, qui\u00e9n garantiza que los datos personales facilitados son ciertas y se hace responsable de comunicar cualquier modificaci\u00f3n. Los datos que est\u00e9n marcadas con un asterisco son obligatorias para poder darle el servicio solicitado.<\/p>\n<p><strong>Qu\u00e9 datos tratamos?<\/strong><\/p>\n<p>Las categor\u00edas de datos que podemos tratar son:<\/p>\n<p>Datos de car\u00e1cter identificativo.<br \/>\nDirecciones postales o electr\u00f3nicas.<br \/>\nOtros datos solicitados en nuestros formularios.<br \/>\nLos datos son limitados, dado que \u00fanicamente tratamos los datos necesarios para la prestaci\u00f3n de nuestros servicios y la gesti\u00f3n de nuestra actividad.<\/p>\n<p><strong>Utilizamos cookies?<\/strong><\/p>\n<p>Utilizamos cookies durante la navegaci\u00f3n en nuestra web con el consentimiento informado del usuario. El usuario puede configurar su navegador porque lo avise de la utilizaci\u00f3n de cookies y para evitar su uso. Para obtener m\u00e1s informaci\u00f3n visite nuestra pol\u00edtica de cookies.<\/p>\n<p><strong>Qu\u00e9 medidas de seguridad aplicamos?<\/strong><\/p>\n<p>Aplicamos las medidas de seguridad establecidas en el art\u00edculo 32 del *RGPD, por lo tanto hemos adoptado las medidas de seguridad necesarias para garantizar un nivel de seguridad adecuado al riesgo del tratamiento de datos que realizamos, con mecanismos que nos permiten garantizar la confidencialidad, integridad, disponibilidad y resiliencia permanente de los sistemas y servicios de tratamiento.<\/p>\n<p><strong>Algunas de estas medidas son:<\/strong><\/p>\n<p>Informaci\u00f3n de las pol\u00edticas de tratamiento de datos al personal.<br \/>\nRealizaci\u00f3n de copias de seguridad peri\u00f3dicas.<br \/>\nControl de acceso a los datos.<br \/>\nProcesos de verificaci\u00f3n, evaluaci\u00f3n y valoraci\u00f3n regulares.<\/p>\n","protected":false},"excerpt":{"rendered":"<p>EL TITULAR se compromete a proteger la privacidad de los usuarios que accedan en este web y\/o cualquiera de sus servicios. La utilizaci\u00f3n del web y\/o de cualquier de los servicios ofrecidos por EL TITULAR, implica la aceptaci\u00f3n por parte del &#8216;usuario de las disposiciones contenidas en la presente Pol\u00edtica de Privacidad y que sus [&hellip;]<\/p>\n","protected":false},"author":1,"featured_media":0,"parent":0,"menu_order":0,"comment_status":"closed","ping_status":"closed","template":"","meta":{"_et_pb_use_builder":"","_et_pb_old_content":"","_et_gb_content_width":"","footnotes":""},"class_list":["post-2219","page","type-page","status-publish","hentry"],"_links":{"self":[{"href":"https:\/\/bastirent.com\/es\/wp-json\/wp\/v2\/pages\/2219","targetHints":{"allow":["GET"]}}],"collection":[{"href":"https:\/\/bastirent.com\/es\/wp-json\/wp\/v2\/pages"}],"about":[{"href":"https:\/\/bastirent.com\/es\/wp-json\/wp\/v2\/types\/page"}],"author":[{"embeddable":true,"href":"https:\/\/bastirent.com\/es\/wp-json\/wp\/v2\/users\/1"}],"replies":[{"embeddable":true,"href":"https:\/\/bastirent.com\/es\/wp-json\/wp\/v2\/comments?post=2219"}],"version-history":[{"count":2,"href":"https:\/\/bastirent.com\/es\/wp-json\/wp\/v2\/pages\/2219\/revisions"}],"predecessor-version":[{"id":2221,"href":"https:\/\/bastirent.com\/es\/wp-json\/wp\/v2\/pages\/2219\/revisions\/2221"}],"wp:attachment":[{"href":"https:\/\/bastirent.com\/es\/wp-json\/wp\/v2\/media?parent=2219"}],"curies":[{"name":"wp","href":"https:\/\/api.w.org\/{rel}","templated":true}]}}

Política de protección de datos

<p>EL TITULAR se compromete a proteger la privacidad de los usuarios que accedan en este web y/o cualquiera de sus servicios. La utilización del web y/o de cualquier de los servicios ofrecidos por EL TITULAR, implica la aceptación por parte del &#8216;usuario de las disposiciones contenidas en la presente Política de Privacidad y que sus datos personales sean tratadas según se estipula. Por favor, tenga en cuenta que a pesar de que pueda haber enlaces de nuestro web a otros webs, esta Política de Privacidad no se aplica en los webs otras compañías u organizaciones a las cuales el web esté redirigido. EL TITULAR no controla el contenido de los webs de terceros ni acepta ningún tipo de responsabilidad por el contenido o las políticas de privacidad de estos webs.</p>
<p>Información sobre el tratamiento de datos (Reglamento (UE) 2016/679 y *LO 3/2018)</p>
<table>
<tbody>
<tr>
<td>Responsable del tractament</td>
<td>EL TITULAR.<br />
Les nostres dades figuren a l&#8217;<a href="https://bastirent.com/aviso-legal/" rel="noopener">avís legal</a> d&#8217;aquest web.</td>
</tr>
<tr>
<td>Finalitat del tractament</td>
<td>Oferir i gestionar els nostres productes i/o serveis.</td>
</tr>
<tr>
<td>Legitimació</td>
<td>Consentiment obtingut de l&#8217;interessat. Execució del contracte de serveis.</td>
</tr>
<tr>
<td>Destinataris</td>
<td>Les dades no seran comunicades a tercers, llevat que ho exigeixi una llei o sigui necessari per complir amb la finalitat del tractament.</td>
</tr>
<tr>
<td>Drets de les persones</td>
<td>Els interessats tenen dret a exercir els drets d&#8217;accés, rectificació, limitació de tractament, supressió, portabilitat i oposició, enviant la seva sol·licitud a la nostra l&#8217;adreça.</td>
</tr>
<tr>
<td>Termini de conservació de les dades</td>
<td>Mentre es mantingui la relació comercial o durant els anys necessaris per complir amb les obligacions legals.</td>
</tr>
<tr>
<td>Reclamació</td>
<td>Els interessats es poden dirigir a l&#8217;AEPD per presentar la reclamació que consideri oportuna.</td>
</tr>
<tr>
<td>Informació addicional</td>
<td>Pot consultar la informació addicional i detallada a continuació a les “Qüestions sobre privacitat”.</td>
</tr>
</tbody>
</table>
<p>&nbsp;</p>
<p><strong>CUESTIONES SOBRE PRIVACIDAD</strong></p>
<p>En cumplimiento del Reglamento (UE) 2016/679 del Parlamento Europeo y del Consejo, de 27 de abril de 2016, (*RGPD) y la Ley Orgánica 3/2018, de 5 de diciembre, de Protección de Datos Personales y garantía de los derechos digitales (*LOPDGDD), le ofrecemos la siguiente información sobre el tratamiento de sus datos personales:</p>
<p>Quién es el responsable del tratamiento de sus datos?</p>
<p><strong>EL TITULAR.</strong><br />
Nuestros datos figuran al aviso legal de este web.</p>
<p><strong>Con qué finalidad tratamos sus datos personales?</strong></p>
<p>Tratamos la información que se nos facilita para prestar y facturar nuestros servicios y productos.<br />
Si nos da su consentimiento también podremos tratar sus datos para enviarle información sobre nuestras actividades, servicios y productos.<br />
Si participa en alguno de nuestros sorteos y/o concursos publicaremos su nombre y apellidos, y su imagen, en los diferentes espacios y medios de comunicación y difusión que utilizamos, incluidas las redes sociales, con el fin de promocionar nuestras actividades, servicios y productos.<br />
Durante cuánto de tiempo conservaremos sus datos?</p>
<p>Los datos personales proporcionados se conservarán mientras sea usuario de nuestros servicios o en quiera recibir información, y si participa en una promoción mientras esta esté activa, y después, durante el plazos establecidos para cumplir con nuestras obligaciones legales.</p>
<p><strong>Cuál es la legitimación para el tratamiento de sus datos?</strong></p>
<p>La base legal para los tratamientos de sus datos son los consentimientos que nos da.</p>
<p>Respecto a la información que nos sea enviada por menores de 16 años, se entenderá que lo ha estado con el consentimiento de sus representantes legales. Si no es así, el representante legal del menor nos lo tiene que comunicar tan pronto como tenga conocimiento.</p>
<p><strong>¿A qué destinatarios se comunicarán sus datos?</strong></p>
<p>Los datos no serán comunicadas a terceros, salvo que lo exija una ley o sea necesario para cumplir con el fin del tratamiento.</p>
<p><strong>Cuáles son sus derechos cuando nos facilita sus datos?</strong></p>
<p>Cualquier persona tiene derecho a obtener confirmación sobre si estamos tratando o no sus datos personales.<br />
Las personas interesadas tienen derecho a acceder a sus datos personales, así como a solicitar la rectificación de los datos inexactos o, si procede, solicitar su supresión cuando, entre otros motivos, los datos ya no sean necesarias para las finalidades para las que se recogieron.<br />
En determinadas circunstancias los interesados podrán solicitar la limitación del tratamiento de sus datos, en este caso únicamente las conservaremos para el ejercicio o la defensa de reclamaciones.<br />
También, en determinadas circunstancias y por motivos relacionados con su situación particular, los interesados se pueden oponer al tratamiento de sus datos. En este caso dejaremos de tratarlas, excepto por motivos legítimos imperiosos o para el ejercicio o la defensa de posibles reclamaciones.<br />
Los interesados también tienen derecho a la portabilidad de sus datos.<br />
Finalmente, los interesados tienen derecho a presentar una reclamación ante la Autoridad de Control competente.<br />
Cómo puede ejercer sus derechos?</p>
<p>Enviándonos un escrito adjuntando una copia de un documento que lo identifique, a nuestra dirección física o a la electrónica.</p>
<p><strong>Cómo hemos obtenido sus datos?</strong></p>
<p>Los datos personales que tratamos proceden del propio interesado, quién garantiza que los datos personales facilitados son ciertas y se hace responsable de comunicar cualquier modificación. Los datos que estén marcadas con un asterisco son obligatorias para poder darle el servicio solicitado.</p>
<p><strong>Qué datos tratamos?</strong></p>
<p>Las categorías de datos que podemos tratar son:</p>
<p>Datos de carácter identificativo.<br />
Direcciones postales o electrónicas.<br />
Otros datos solicitados en nuestros formularios.<br />
Los datos son limitados, dado que únicamente tratamos los datos necesarios para la prestación de nuestros servicios y la gestión de nuestra actividad.</p>
<p><strong>Utilizamos cookies?</strong></p>
<p>Utilizamos cookies durante la navegación en nuestra web con el consentimiento informado del usuario. El usuario puede configurar su navegador porque lo avise de la utilización de cookies y para evitar su uso. Para obtener más información visite nuestra política de cookies.</p>
<p><strong>Qué medidas de seguridad aplicamos?</strong></p>
<p>Aplicamos las medidas de seguridad establecidas en el artículo 32 del *RGPD, por lo tanto hemos adoptado las medidas de seguridad necesarias para garantizar un nivel de seguridad adecuado al riesgo del tratamiento de datos que realizamos, con mecanismos que nos permiten garantizar la confidencialidad, integridad, disponibilidad y resiliencia permanente de los sistemas y servicios de tratamiento.</p>
<p><strong>Algunas de estas medidas son:</strong></p>
<p>Información de las políticas de tratamiento de datos al personal.<br />
Realización de copias de seguridad periódicas.<br />
Control de acceso a los datos.<br />
Procesos de verificación, evaluación y valoración regulares.</p>

<p>EL TITULAR se compromete a proteger la privacidad de los usuarios que accedan en este web y/o cualquiera de sus servicios. La utilización del web y/o de cualquier de los servicios ofrecidos por EL TITULAR, implica la aceptación por parte del &#8216;usuario de las disposiciones contenidas en la presente Política de Privacidad y que sus [&hellip;]</p>
